{"id":183,"date":"2019-01-18T01:54:34","date_gmt":"2019-01-18T01:54:34","guid":{"rendered":"http:\/\/comunidadepadrepiosm.com.br\/site\/?page_id=183"},"modified":"2019-01-18T01:54:34","modified_gmt":"2019-01-18T01:54:34","slug":"a-historia-de-padre-pio","status":"publish","type":"page","link":"https:\/\/comunidadepadrepiosm.com.br\/site\/a-historia-de-padre-pio\/","title":{"rendered":"A Hist\u00f3ria de Padre Pio"},"content":{"rendered":"<p>[et_pb_section fb_built=&#8221;1&#8243; _builder_version=&#8221;3.0.92&#8243; background_image=&#8221;http:\/\/comunidadepadrepiosm.com.br\/site\/wp-content\/uploads\/2019\/01\/site_padrepio_bg_historia_padre.jpg&#8221; custom_padding=&#8221;54px|0px|7px|0px&#8221;][et_pb_row _builder_version=&#8221;3.0.92&#8243;][et_pb_column type=&#8221;1_3&#8243; _builder_version=&#8221;3.0.47&#8243; parallax=&#8221;off&#8221; parallax_method=&#8221;on&#8221;][\/et_pb_column][et_pb_column type=&#8221;2_3&#8243; _builder_version=&#8221;3.0.47&#8243; parallax=&#8221;off&#8221; parallax_method=&#8221;on&#8221;][et_pb_image src=&#8221;http:\/\/comunidadepadrepiosm.com.br\/site\/wp-content\/uploads\/2019\/01\/site_padrepio_historia_titulo_padre.png&#8221; _builder_version=&#8221;3.0.92&#8243; max_width=&#8221;348px&#8221; module_alignment=&#8221;left&#8221;][\/et_pb_image][et_pb_text _builder_version=&#8221;3.0.92&#8243;]<\/p>\n<div class=\"historia__top mb-50 clearfix\">\n<div class=\"historia__top-item--links historia__top-item fl\">\n<aside class=\"historia-veja-tambem pb-30\"><b>Padre Pio de Pietrelcina<\/b>\u00a0tinha como nome de batizado Francesco Forgione. Ele nasceu no vilarejo de Pietrelcina, pr\u00f3ximo \u00e0 cidade de Benevento, It\u00e1lia, em 25 de maio de 1887. Era filho de Grazio Forgione e Maria Giuseppa de Nunzio e tinha seis irm\u00e3os.<\/p>\n<p>Desde crian\u00e7a manifestou interesse pelas coisas de Deus. N\u00e3o faltava \u00e0s Missas e ora\u00e7\u00f5es. Ainda menino mostrava grande admira\u00e7\u00e3o por Nossa Senhora e Jesus, tornando-se tamb\u00e9m amigo do seu Anjo da Guarda. Francesco recorria a ele muitas vezes pedindo ajuda no seu caminho de viver o\u00a0<b>Evangelho<\/b>. N\u00e3o \u00e9 \u00e0 toa que, mais tarde, Padre Pio exortava os fi\u00e9is a pedirem ajuda ao anjo da guarda. Ele sabia que o que os anjos mais querem \u00e9 conduzir seus \u201cguardados\u201d para Deus. Por isso, dizia, a intimidade de cada um com seu anjo da guarda \u00e9 de grande import\u00e2ncia.<\/p>\n<\/aside>\n<\/div>\n<\/div>\n<p>[\/et_pb_text][\/et_pb_column][\/et_pb_row][\/et_pb_section][et_pb_section fb_built=&#8221;1&#8243; _builder_version=&#8221;3.0.92&#8243; custom_padding=&#8221;10px|0px|6px|0px&#8221;][et_pb_row _builder_version=&#8221;3.0.92&#8243;][et_pb_column type=&#8221;4_4&#8243; _builder_version=&#8221;3.0.47&#8243; parallax=&#8221;off&#8221; parallax_method=&#8221;on&#8221;][et_pb_text _builder_version=&#8221;3.0.92&#8243;]<\/p>\n<h2>Vida religiosa e ordena\u00e7\u00e3o de Padre Pio<\/h2>\n<p class=\"NoSpacing\"><span>Aos 15 anos, em 1902, entrou no noviciado da ordem dos Capuchinhos em Morcone. Nessa ocasi\u00e3o adotou o nome de &#8220;frei Pio&#8221;. Quando terminou o noviciado, frei Pio fez os votos simples, em 1904. Em 1907 professou os votos solenes. Fez, ent\u00e3o, os estudos cl\u00e1ssicos e a filosofia. Depois, foi ordenado sacerdote em 10 de agosto de 1910, no Duomo de Benevento.<\/span><\/p>\n<div class=\"leia-mais-container\"><\/div>\n<h2>O sacerd\u00f3cio de Padre Pio<\/h2>\n<p class=\"NoSpacing\"><span>Em 1916, Padre Pio foi para o convento de San Giovanni Rotondo, onde viveu toda a sua vida. Ele tinha grande compaix\u00e3o pelo sofrimento das pessoas. Por isso, logo percebeu que sua miss\u00e3o sacerdotal era a de acolher em si o sofrimento do povo, como uma esp\u00e9cie de ?catalizador?. A confirma\u00e7\u00e3o disso foram os estigmas de Cristo que Padre Pio recebeu em seu pr\u00f3prio corpo e que duraram mais de 50 anos. Parece que, atrav\u00e9s do padre Pio, Deus queria aliviar o sofrimento do seu povo. E, de fato, todos os que o procuravam saiam reconfortados.<\/span><\/p>\n<h2>Maravilhas no sacramento da confiss\u00e3o<\/h2>\n<p class=\"NoSpacing\"><span>Padre Pio de Pietrelcina entregou-se inteiramente ao\u00a0<b>Minist\u00e9rio da Confiss\u00e3o<\/b>. Ele sabia que esta \u00e9 uma das maneiras mais eficientes e ?maravilhosas? que Jesus Cristo deixou para aliviar os sofrimentos do cora\u00e7\u00e3o e libertar das garras do Dem\u00f4nio. Por isso, Padre Pio passava at\u00e9 14 horas por dia no confession\u00e1rio. Em muitos casos, quando o fiel n\u00e3o tinha coragem de confessar um pecado grave, Padre Pio o revelava por inspira\u00e7\u00e3o divina. Isso ajudava muito dos fi\u00e9is se libertarem de seus males. Ali\u00e1s, por isso, Padre Pio sofreu ataques terr\u00edveis do maligno: foi torturado, tentado e testado muitas vezes, mas n\u00e3o esmoreceu.<\/span><\/p>\n<h2>Ora\u00e7\u00e3o e a\u00e7\u00e3o<\/h2>\n<p class=\"NoSpacing\"><span>Padre Pio queria aliviar n\u00e3o somente o sofrimento espiritual das pessoas, mas tamb\u00e9m o sofrimento f\u00edsico. Por isso, teve a inspira\u00e7\u00e3o de construir um grande hospital, que ele deu o nome de &#8220;Casa Al\u00edvio do Sofrimento&#8221;. Esta obra maravilhosa tornou-se refer\u00eancia em toda a Europa.<\/span><\/p>\n<h2>A espiritualidade que se espalha<\/h2>\n<p class=\"NoSpacing\"><span>Atendendo a um pedido do Papa, Padre Pio criou os ?Grupos de Ora\u00e7\u00e3o?, com o objetivo de aliviar os horrores causados pela\u00a0<b>Segunda Guerra Mundial<\/b>\u00a0no cora\u00e7\u00e3o das pessoas. Esses grupos se tornaram c\u00e9lulas catalizadoras do amor e da paz de Deus num mundo cheio de sofrimento.<\/span><\/p>\n<h2>Falecimento<\/h2>\n<p class=\"NoSpacing\"><span>Quando os grupos de ora\u00e7\u00e3o celebraram 50 anos, reuniu-se uma grande multid\u00e3o em San Giovanni Rotondo, para uma Missa comemorativa. Esta foi a \u00faltima Missa e a \u00faltima vez que os filhos espirituais do Padre Pio o viram. Na madrugada de 23 de setembro de 1968, na sua cela conventual, Padre Pio entregou seu esp\u00edrito. Faleceu com fama de santidade e deixou uma multid\u00e3o de pessoas que se tornaram seus devotos e filhos espirituais nos incont\u00e1veis e grandes grupos de ora\u00e7\u00e3o que se multiplicaram por todo o mundo.<\/span><\/p>\n<h2>Devo\u00e7\u00e3o a Padre Pio de Pietrelcina<\/h2>\n<p class=\"NoSpacing\"><span>A fama de santidade de\u00a0<b>Padre Pio<\/b>\u00a0tornou-se cada vez maior ap\u00f3s sua morte. Esse \u00e9 um dos requisitos para que se inicie um processo de canoniza\u00e7\u00e3o. Al\u00e9m disso, muitos fi\u00e9is testemunharam terem alcan\u00e7ado gra\u00e7as pela intercess\u00e3o de Padre Pio. Por isso, o processo de canoniza\u00e7\u00e3o do Padre Pio come\u00e7ou em 1982. Padre Pio foi beatificado em 2 de maio de 1999 e canonizado em 16 de junho de 2002, pelo Papa Jo\u00e3o Paulo II. Dali em diante, passou a ser chamado S\u00e3o Pio de Pietrelcina e sua festa lit\u00fargica \u00e9 comemorada todos os anos no dia 23 de setembro.<\/span><\/p>\n<h2>Os sinais dos milagres de Padre Pio<\/h2>\n<p class=\"NoSpacing\"><span>Al\u00e9m dos estigmas que tiveram dura\u00e7\u00e3o de 50 anos, existem v\u00e1rios relatos atestando que Padre Pio tinha o dom da biloca\u00e7\u00e3o. Entre os tantos milagres atribu\u00eddos \u00e0 sua intercess\u00e3o est\u00e1 a cura de uma crian\u00e7a chamada Matteo Pio Colella. Sobre ele se desenrolou todo processo de canoniza\u00e7\u00e3o do Padre Pio.<\/span><\/p>\n<h2>Os Papas reconhecem a santidade de Padre Pio<\/h2>\n<p class=\"NoSpacing\"><span>O\u00a0<b>Papa Bento XV<\/b>\u00a0disse sobre ele: &#8220;Padre Pio \u00e9 um daqueles homens extraordin\u00e1rios que Deus envia de vez em quando \u00e0 terra para converter os homens&#8221;.<\/span><\/p>\n<p class=\"NoSpacing\"><span><b>Papa Paulo VI:<\/b>\u00a0&#8220;Veja que fama ele alcan\u00e7ou! Quanta gente de todo o mundo ele reuniu em torno de si! Mas por qu\u00ea? Por que era um fil\u00f3sofo? Por que era um s\u00e1bio? Por que dispunha de meios? N\u00e3o, mas porque rezava a Missa humildemente, confessava de manh\u00e3 \u00e0 noite; era, dif\u00edcil de dizer, representante estampado dos estigmas de Jesus. Era um homem de ora\u00e7\u00e3o e de sofrimento.&#8221;<\/span><\/p>\n<p class=\"NoSpacing\"><span><b>Papa Jo\u00e3o Paulo II:<\/b>\u00a0&#8220;Padre Pio foi um generoso dispensador da miseric\u00f3rdia divina, sobretudo atrav\u00e9s do sacramento da Penit\u00eancia. O minist\u00e9rio do confession\u00e1rio atra\u00eda numerosas multid\u00f5es de fi\u00e9is. Mesmo quando ele tratava os peregrinos com severidade aparente, eles, tomando consci\u00eancia da gravidade do pecado e arrependendo-se sinceramente, voltavam quase sempre atr\u00e1s para o abra\u00e7o pacificador do perd\u00e3o sacramental?.<\/span><\/p>\n<h2>Exuma\u00e7\u00e3o e exposi\u00e7\u00e3o p\u00fablica<\/h2>\n<p class=\"NoSpacing\"><span>A exuma\u00e7\u00e3o do corpo incorrupto de Padre Pio aconteceu no dia 20 de abril de 2008 e no mesmo dia foi exposto para o p\u00fablico na cripta da Igreja de Santa Maria das Gra\u00e7as, em San Giovanni Rotondo. Padre Pio pode ser considerado o Ap\u00f3stolo do Sacramento da Confiss\u00e3o. Atrav\u00e9s deste sacramento aconteceram grandes milagres de cura de cora\u00e7\u00f5es feridos e convers\u00f5es.<\/span><\/p>\n<p class=\"NoSpacing\"><span><\/span><\/p>\n<p class=\"NoSpacing\">Leia mais no site em que o texto foi extra\u00eddo:\u00a0<br \/>https:\/\/cruzterrasanta.com.br\/historia-de-padre-pio-pietrelcina\/52\/102\/#c<\/p>\n<p class=\"NoSpacing\"><span><\/span><\/p>\n<p class=\"NoSpacing\"><span><\/span><\/p>\n<p>[\/et_pb_text][\/et_pb_column][\/et_pb_row][et_pb_row custom_padding=&#8221;27px|0px|4px|0px&#8221; _builder_version=&#8221;3.0.92&#8243;][et_pb_column type=&#8221;4_4&#8243; _builder_version=&#8221;3.0.47&#8243; parallax=&#8221;off&#8221; parallax_method=&#8221;on&#8221;][et_pb_divider color=&#8221;#663333&#8243; show_divider=&#8221;on&#8221; _builder_version=&#8221;3.0.92&#8243;][\/et_pb_divider][\/et_pb_column][\/et_pb_row][\/et_pb_section][et_pb_section fb_built=&#8221;1&#8243; _builder_version=&#8221;3.0.92&#8243; custom_padding=&#8221;36px|0px|54px|0px&#8221;][et_pb_row custom_padding=&#8221;12px|0px|27px|0px&#8221; _builder_version=&#8221;3.0.92&#8243;][et_pb_column type=&#8221;4_4&#8243; _builder_version=&#8221;3.0.47&#8243; parallax=&#8221;off&#8221; parallax_method=&#8221;on&#8221;][et_pb_image src=&#8221;http:\/\/comunidadepadrepiosm.com.br\/site\/wp-content\/uploads\/2019\/01\/site_padrepio_titulo_apoio.png&#8221; align=&#8221;center&#8221; _builder_version=&#8221;3.0.92&#8243; max_width=&#8221;261px&#8221; module_alignment=&#8221;center&#8221;][\/et_pb_image][\/et_pb_column][\/et_pb_row][et_pb_row _builder_version=&#8221;3.0.92&#8243;][et_pb_column type=&#8221;1_4&#8243; _builder_version=&#8221;3.0.47&#8243; parallax=&#8221;off&#8221; parallax_method=&#8221;on&#8221;][et_pb_image src=&#8221;http:\/\/comunidadepadrepiosm.com.br\/site\/wp-content\/uploads\/2019\/01\/KOIKE.jpg&#8221; _builder_version=&#8221;3.0.92&#8243; max_width=&#8221;99%&#8221; module_alignment=&#8221;center&#8221; custom_margin=&#8221;10px|||&#8221;][\/et_pb_image][\/et_pb_column][et_pb_column type=&#8221;1_4&#8243; _builder_version=&#8221;3.0.47&#8243; parallax=&#8221;off&#8221; parallax_method=&#8221;on&#8221;][et_pb_image src=&#8221;http:\/\/comunidadepadrepiosm.com.br\/site\/wp-content\/uploads\/2019\/01\/GRAFILAR.jpg&#8221; _builder_version=&#8221;3.0.92&#8243; max_width=&#8221;98%&#8221; module_alignment=&#8221;center&#8221;][\/et_pb_image][\/et_pb_column][et_pb_column type=&#8221;1_4&#8243; _builder_version=&#8221;3.0.47&#8243; parallax=&#8221;off&#8221; parallax_method=&#8221;on&#8221;][et_pb_image src=&#8221;http:\/\/comunidadepadrepiosm.com.br\/site\/wp-content\/uploads\/2019\/01\/USINA2.jpg&#8221; _builder_version=&#8221;3.0.92&#8243; max_width=&#8221;62%&#8221; module_alignment=&#8221;center&#8221;][\/et_pb_image][\/et_pb_column][et_pb_column type=&#8221;1_4&#8243; _builder_version=&#8221;3.0.47&#8243; parallax=&#8221;off&#8221; parallax_method=&#8221;on&#8221;][et_pb_image src=&#8221;http:\/\/comunidadepadrepiosm.com.br\/site\/wp-content\/uploads\/2019\/01\/Poltrona1.jpg&#8221; _builder_version=&#8221;3.0.92&#8243; max_width=&#8221;60%&#8221; module_alignment=&#8221;center&#8221;][\/et_pb_image][\/et_pb_column][\/et_pb_row][\/et_pb_section]<\/p>\n","protected":false},"excerpt":{"rendered":"<p>[et_pb_section fb_built=&#8221;1&#8243; _builder_version=&#8221;3.0.92&#8243; background_image=&#8221;http:\/\/comunidadepadrepiosm.com.br\/site\/wp-content\/uploads\/2019\/01\/site_padrepio_bg_historia_padre.jpg&#8221; custom_padding=&#8221;54px|0px|7px|0px&#8221;][et_pb_row _builder_version=&#8221;3.0.92&#8243;][et_pb_column type=&#8221;1_3&#8243; _builder_version=&#8221;3.0.47&#8243; parallax=&#8221;off&#8221; parallax_method=&#8221;on&#8221;][\/et_pb_column][et_pb_column type=&#8221;2_3&#8243; _builder_version=&#8221;3.0.47&#8243; parallax=&#8221;off&#8221; parallax_method=&#8221;on&#8221;][et_pb_image src=&#8221;http:\/\/comunidadepadrepiosm.com.br\/site\/wp-content\/uploads\/2019\/01\/site_padrepio_historia_titulo_padre.png&#8221; _builder_version=&#8221;3.0.92&#8243; max_width=&#8221;348px&#8221; module_alignment=&#8221;left&#8221;][\/et_pb_image][et_pb_text _builder_version=&#8221;3.0.92&#8243;] Padre Pio de Pietrelcina\u00a0tinha como nome de batizado Francesco Forgione. Ele nasceu no vilarejo de Pietrelcina, pr\u00f3ximo \u00e0 cidade de Benevento, It\u00e1lia, em 25 de maio de 1887. Era filho de Grazio Forgione e Maria Giuseppa [&hellip;]<\/p>\n","protected":false},"author":1,"featured_media":0,"parent":0,"menu_order":0,"comment_status":"closed","ping_status":"closed","template":"","meta":{"footnotes":""},"class_list":["post-183","page","type-page","status-publish","hentry"],"_links":{"self":[{"href":"https:\/\/comunidadepadrepiosm.com.br\/site\/wp-json\/wp\/v2\/pages\/183","targetHints":{"allow":["GET"]}}],"collection":[{"href":"https:\/\/comunidadepadrepiosm.com.br\/site\/wp-json\/wp\/v2\/pages"}],"about":[{"href":"https:\/\/comunidadepadrepiosm.com.br\/site\/wp-json\/wp\/v2\/types\/page"}],"author":[{"embeddable":true,"href":"https:\/\/comunidadepadrepiosm.com.br\/site\/wp-json\/wp\/v2\/users\/1"}],"replies":[{"embeddable":true,"href":"https:\/\/comunidadepadrepiosm.com.br\/site\/wp-json\/wp\/v2\/comments?post=183"}],"version-history":[{"count":2,"href":"https:\/\/comunidadepadrepiosm.com.br\/site\/wp-json\/wp\/v2\/pages\/183\/revisions"}],"predecessor-version":[{"id":185,"href":"https:\/\/comunidadepadrepiosm.com.br\/site\/wp-json\/wp\/v2\/pages\/183\/revisions\/185"}],"wp:attachment":[{"href":"https:\/\/comunidadepadrepiosm.com.br\/site\/wp-json\/wp\/v2\/media?parent=183"}],"curies":[{"name":"wp","href":"https:\/\/api.w.org\/{rel}","templated":true}]}}